2 + g**2 + 276*g**3 - 277*g**3. Let l = 1 - -1. Suppose l = -0*x - 2*x + d, 3*x = 3*d - 6. Give o(x).
2
Suppose -3*x + 6 = -6. Let a(h) = 4 + 6*h - 24*h + 17*h + 2. Determine a(x).
2
Let y(w) = 1 - 4*w + 2 - 6 + 3*w + 7 + w**3 - 2*w**2. Give y(3).
10
Suppose 3*u = u. Let q(t) = -3 + t + u + 6 - 1. Let w be q(-2). Let z(p) = p**2 - p - 8. Calculate z(w).
-8
Let r(q) be the third derivative of -q**5/12 - q**4/12 - 136*q**2. Give r(-2).
-16
Let g = 696 + -700. Let u(j) be the second derivative of -j**3/2 - 3*j**2 + j. Determine u(g).
6
Let y be (-2 - 16/(-5))/(6/20). Let g(x) = x**2 + 3*x - 4 + y*x - 5*x. What is g(-3)?
-1
Let u = -20 + 29. Let z be (-33)/(-21) + u/21. Let w(o) = -o**3 + 2 + o**3 - 4*o**z + o**2 + o**3. Calculate w(3).
2
Let z(b) = b**3 - b. Let t(v) = v**3 - 14*v**2 - 15*v - 5. Let p(o) = t(o) - 2*z(o). Give p(-13).
-5
Let q(l) = l**2 - 5*l + 21. Let o(y) = 2*y**2 - 10*y + 43. Let d(c) = -3*o(c) + 7*q(c). Let i(r) be the first derivative of d(r). Calculate i(4).
3
Suppose -16*w - 2 = -17*w. Let z(j) = 262*j**2 - 131*j**w - 132*j**2 - 1 - 10*j. What is z(-9)?
8
Let q be (136/22 - 3) + (-2)/11. Let f(u) = 81*u**2 + 2*u**3 - 3*u**3 - q + 4*u - 78*u**2. Calculate f(4).
-3
Let a(f) = -f**3 + 8*f**2 - 7*f + 2. Let j = 29 - 27. Suppose -j*h + 5*r = -4, -h - 5*r + 6 + 11 = 0. Determine a(h).
2
Suppose -4*l + 3 = -7*l. Let s(d) be the second derivative of -3*d**5/5 - d**3/6 + 2*d + 86. Give s(l).
13
Let o(p) = p**2 + 5*p - 9. Let d(r) = -r**3 - 11*r**2 - 10*r - 7. Let s be d(-10). Determine o(s).
5
Let z(a) = a**3 - 6*a**2 - 17*a - 11. Suppose 30*v - 94 - 146 = 0. Calculate z(v).
-19
Let b(d) = 15*d**2 - 14*d + 2. Let s(w) = 7*w**2 - 7*w + 1. Suppose 5*p = a + 14, a - 2*p + 1 + 1 = 0. Let z(o) = a*b(o) - 13*s(o). Let k = -2 + 8. Give z(k).
5
Let g(v) be the third derivative of -v**5/60 + v**4/8 + 5*v**3/6 - 2*v**2. Let p be g(4). Let q(s) = s - 2*s + 2*s + p - 2*s. Give q(3).
-2
Let x be 1 - ((-2)/1)/1. Let i be (2 - x - -1) + 3. Let r(o) = 5*o**2 - 3 - 4*o**3 + i*o**3 + 2*o**3 + 4*o. What is r(-4)?
-3
Let a(d) be the second derivative of -11*d**3/6 + d**2 + 283*d. What is a(-3)?
35
Suppose 12 = -3*b, -7*z = -2*z - 3*b - 12. Let t(d) = d + 7 + 1 + z*d. What is t(0)?
8
Suppose 0 = -5*n + 4 + 1. Let t(l) = -4*l - l + 4*l. Let q(v) = -v - 3. Let j(a) = n*q(a) + 4*t(a). Calculate j(-2).
7
Let s(h) = -h**3 + 24*h**2 - 46*h + 55. Let z be s(22). Let g(b) = 2*b - 20. Give g(z).
2
Let p(j) = -5*j + 150*j**3 - 149*j**3 + 0*j - 5*j**2 - 2. Let g(h) = -h**2 + 7*h - 4. Let a be g(5). What is p(a)?
4
Let i(n) = n**2 + 10*n - 29. Let r = 1190 - 1203. Determine i(r).
10
Suppose 13 = -5*z + 4*u, -7 - 6 = 2*z + u. Let w(b) be the first derivative of b**4/4 + 5*b**3/3 - b**2 - 3*b - 367. What is w(z)?
7
Let t(h) = -h**3 - 7*h**2 + 9*h + 3. Let q = -280 + 272. Determine t(q).
-5
Let c(q) = -10*q**3 - 6 - 15*q - 2*q**2 - 3*q**2 + 11*q**3. Let x be c(7). Let p(t) = t + 18. What is p(x)?
5
Suppose -d = 2*p + 3, -2*d - 3 = -5. Let r(t) = 4*t + 2. Let z(l) = -13*l - 7. Let a(o) = p*z(o) - 7*r(o). Give a(-6).
12
Let u(v) be the first derivative of -v**4/4 + v**3/3 - v**2/2 - 1. Let c(s) = -10*s**2 - 3*s. Let y be c(-2). Let m = 34 + y. What is u(m)?
0
Let d(i) = -1 + 0*i**2 + 8*i - 2*i + i**2. Suppose -3*t = 4*m + 34, -m - 5 = 5*t + 12. Determine d(m).
6
Let b(z) = 2 - z**2 + 12394*z - 8 - 12404*z - 3 + 3. What is b(-7)?
15
Let t(r) = -13*r + 3. Let u(o) be the second derivative of 1/2*o**2 + 0 - 2/3*o**3 - 4*o. Let d(v) = -3*t(v) + 8*u(v). What is d(1)?
6
Let k(r) = 4*r**2 - 5*r - 3. Let p(g) = -5*g**2 + 6*g + 4. Let h(d) = 4*k(d) + 3*p(d). What is h(2)?
0
Let f(o) = o + 5. Let d(z) = z + 1. Let q(t) = 2*d(t) - f(t). What is q(6)?
3
Let x(f) = 2 - 1206*f**2 + 0 + 1205*f**2 + 5*f. Determine x(4).
6
Let w(o) = -3*o + 6. Suppose -2*h = -6*h + 56. Let s = -11 + h. Suppose -s*i = -6 - 6. Give w(i).
-6
Let d(b) be the third derivative of -1/60*b**5 + 0*b - 1/120*b**6 - 4*b**2 + 1/6*b**4 + 0*b**3 + 0. Suppose -4*z - 3 = -3*z. Determine d(z).
6
Let b be (100/35)/(4/14). Suppose -b = 3*o + 5. Let j(m) be the first derivative of -m**4/4 - 2*m**3 - 3*m**2 - 4*m + 2. Give j(o).
1
Let a(h) = -4 - h + 25*h**2 - 51*h**2 + 27*h**2. Let k be 42/9 - (-1)/3. Suppose -k*s + s + 12 = 0. What is a(s)?
2
Let n(m) = -m**3 - 9*m**2 - m + 5. Suppose 0 = -45*q + 79*q + 306. What is n(q)?
14
Let g(o) = 3*o + 11 - 2*o + 24 - 14. Calculate g(-18).
3
Let y(a) = a**3 - 5*a**2 - 6*a - 2. Suppose 0 = 4*t + 2*q + 16, -t - 3*q - 14 = -0*q. Let z = 13 - t. Suppose -3*g + z = 5*h - 6, -2*g - 30 = -4*h. Give y(h).
-2
Let j(a) be the second derivative of -1/8*a**4 - a**2 + a + 0 - 1/60*a**5 + 2/3*a**3. Let l(r) be the first derivative of j(r). Calculate l(-6).
-14
Let g be (-4)/(-10) - (4 + 152/(-20)). Let c(v) = 3*v - 8*v**2 - 3*v**2 + 18*v**2 - 8*v**2. Calculate c(g).
-4
Let q(g) = -12*g**3 - g. Let i(w) = 6*w - 1. Let x(l) = l. Let d(t) = -i(t) + 5*x(t). Let k be d(2). Calculate q(k).
13
Let b = 2390 - 2395. Let l(s) = 6*s + 4 - 3 - 2 + s**2. What is l(b)?
-6
Let o(b) = b - 8. Let p be o(5). Let d be p*(-1)/(-3) + 35. Let k = d + -32. Let t(i) = -i**2. Determine t(k).
-4
Let o(g) = 2*g**2 + 23*g + 16. Let r be o(-11). Let i(b) = -b**2 + 13*b - 34. Let x be i(r). Let a(t) = t**2 - 6*t - 2. What is a(x)?
-2
Let i(o) = -5*o + 3. Suppose 36 = -14*b - 6. Determine i(b).
18
Let s(k) = k - 3. Let a = 19 + -14. Let r be s(a). Let p(w) = r - 2*w + 0 + 3*w - 3. Give p(-1).
-2
Let q(y) = 7*y**2 + 23*y + 2. Let u be (-217)/63 + (-24)/(-54). What is q(u)?
-4
Let c(a) = 2*a - 3*a - 4 - 11. Suppose 2*m - 168*d = -173*d - 31, -m - 4*d - 20 = 0. Calculate c(m).
-7
Let p(k) = -k**2 + 5*k + 1. Let d(w) = -w**3 - 7 - 3 + w + 6*w**2 - w. Let u be d(6). Let q be ((-16)/u)/((-10)/(-25)). Determine p(q).
5
Let u(l) = -3*l - 23*l**3 + 4*l**2 + 2*l - 20*l**3 + 42*l**3. Suppose 2*r + 3*h - 9 = -3*r, 2*r + 4*h + 2 = 0. What is u(r)?
6
Let a(b) = b**2 - 2*b - 5. Let s be (-136)/(-51)*(-1 - 7/(-4)). Let q(v) = 1. Let o(i) = s*q(i) + a(i). Calculate o(5).
12
Let q be (-1 - -2)/(-7 + (-65)/(-10)). Let j = -5 + 7. Let x(d) = -4*d - 2 + d + j*d**2 + d**2 - 4*d**2. Determine x(q).
0
Let a = -21 - -17. Let n(m) = m**3 + 4*m**2 - m + 1. Let z be n(a). Suppose -19 + z = 2*k. Let c(i) = i**3 + 6*i**2 - 7*i + 9. Calculate c(k).
9
Let g = 102 + -90. Let v(x) = 4 + 10*x - 4 + 2 - g*x. Let z = -7 - -12. Determine v(z).
-8
Suppose 0 = 3*b + 2*y - 6, -5 = -4*b - 3*y + 3. Let f(p) = p**2 + 4*p**3 + b*p**3 + 5*p - 7*p**3 - 6*p. Let h be (-1)/(-4) - 30/(-40). Give f(h).
-1
Suppose 5*n - 2*p = 2*n + 8, -5*p + 31 = n. Let x(s) = -4*s + 12. Give x(n).
-12
Let b = 27 - 28. Let p be 0/(b + -3 + (-3)/(-3)). Let h(f) = f**2. What is h(p)?
0
Let g be 60/30 + -16*1. Let t(i) = i**3 + 15*i**2 + 16*i + 21. What is t(g)?
-7
Let i(p) = p + 4. Suppose 6*q - q = 25. Let f = 5 - q. What is i(f)?
4
Let a(l) = -2*l + 1. Let r(d) = -d**2 + 14*d + 35. Let s be r(16). Suppose -22 = -5*q - 3*j, 0 = -2*q - 7*j + s*j + 20. Calculate a(q).
-3
Suppose -2*n - 20 + 4 = 0. Let p = n + 10. Let q(l) = l**2 - 4*l - 1. Calculate q(p).
-5
Let o(x) = -2*x**2 - 2*x - 2. Let b be -3 + 2/(-4)*-2*0. Let p be 18/(-27) - (-4)/b. What is o(p)?
-6
Let a(j) be the first derivative of -j**5/60 + j**4/3 - 22*j**3/3 + 20. Let b(h) be the third derivative of a(h). Give b(8).
-8
Let t(g) = -g**3 - 3*g**2 - g - 3. Let a be t(0). Let s(v) = -v**3 - 2*v**2 + 2*v + 5. Determine s(a).
8
Let i(d) be the first derivative of 11*d + 14*d - 51 - 22*d - 2*d**2. Calculate i(2).
-5
Suppose -3*k = -2*k - 18. Suppose 5*p - 2*p - k = 0. Let y(j) be the first derivative of -j**2/2 + 7*j + 380. Calculate y(p).
1
Let x(r) = r**2 + 4*r + 4. Let n(j) = j + 5. Let v be n(0). Let o(g) be the second derivative of -g**3/3 + 3*g**2 + 20*g. Let p be o(v). What is x(p)?
4
Suppose 4*h - h + 15 = l, 2*h = -2*l - 2. Let c(j) = 4 - 283*j**2 - j**3 - 1 + 149*j**2 - 2*j - 4 + 138*j**2. Determine c(l).
2
Let v be 4/(-24) + -74*2/(-24). Let f(p) be the first derivative of -p**3/3 + 7*p**2/2 - 6*p + 3. Calculate f(v).
0
Let z(m) = -3*m - 4. Let r be z(-4). Let y(s) = 5*s**2 + 51*s + 13. Let c(a) = -2*a**2 - 18*a - 5. Let l(b) = -8*c(b) - 3*y(b). What is l(r)?
-7
Let s(w) = -4*w + 38. Suppose 2*j - 26 = 2*x - 4*x, -3*x - 5*j